or of 5458666 and 1581.
527
Calculate the highest common factor of 17894 and 3713394.
778
Calculate the highest common factor of 63769335 and 630.
105
Calculate the highest common divisor of 62839 and 244447.
329
What is the highest common divisor of 3455410 and 770?
70
Calculate the greatest common factor of 246422 and 2116.
46
What is the greatest common factor of 13412705 and 10?
5
What is the highest common divisor of 6365 and 24058427?
1273
Calculate the greatest common divisor of 1278 and 205109131.
71
What is the greatest common divisor of 121396 and 33250756?
3916
Calculate the greatest common divisor of 650997 and 10659.
57
Calculate the highest common factor of 30510 and 13563390.
3390
Calculate the greatest common divisor of 32 and 11784032.
32
What is the greatest common divisor of 2896845 and 3689295?
8805
What is the highest common factor of 879643 and 1008169?
691
What is the greatest common divisor of 2535 and 2373540?
195
What is the greatest common factor of 14860 and 69260?
20
What is the greatest common factor of 37701 and 5420566?
4189
Calculate the highest common factor of 214149 and 2776185.
969
Calculate the greatest common factor of 3712 and 39011264.
1856
Calculate the greatest common factor of 1430 and 1985035.
65
What is the greatest common divisor of 320 and 352608?
32
Calculate the greatest common factor of 24431312 and 136.
136
Calculate the highest common divisor of 19124475 and 600.
75
What is the greatest common divisor of 25564231 and 294?
49
Calculate the greatest common divisor of 4870786284 and 6234.
6234
Calculate the highest common divisor of 11977 and 14413.
203
Calculate the greatest common divisor of 9621335529 and 13.
13
Calculate the greatest common factor of 2782175 and 1181575.
3775
Calculate the greatest common divisor of 101 and 214494710.
101
Calculate the highest common divisor of 78818990 and 4342.
334
Calculate the highest common factor of 1408 and 22556288.
128
Calculate the greatest common divisor of 1170 and 5736405.
15
What is the greatest common divisor of 173134663 and 39?
13
What is the highest common factor of 104303485 and 11?
11
What is the highest common factor of 10119563 and 23?
23
Calculate the greatest common divisor of 909 and 2139887.
101
Calculate the highest common divisor of 7108482 and 340.
34
What is the greatest common factor of 3710 and 52029635?
35
Calculate the highest common divisor of 352 and 285243684.
44
What is the highest common divisor of 39 and 9115847?
13
What is the highest common factor of 21782 and 407247163?
10891
Calculate the highest common divisor of 22026500 and 80.
20
Calculate the highest common factor of 28457624 and 23.
23
What is the greatest common divisor of 8198932 and 168?
28
What is the greatest common divisor of 15750 and 5345550?
3150
What is the greatest common divisor of 2912 and 852124?
364
Calculate the highest common divisor of 442 and 141005384.
26
Calculate the highest common factor of 1540 and 402980.
20
Calculate the greatest common factor of 1287018 and 33786.
18
Calculate the greatest common divisor of 2330124 and 473876.
2804
Calculate the greatest common factor of 1101714 and 598256.
278
What is the greatest common factor of 19 and 52297823?
19
Calculate the highest common divisor of 77668532 and 848.
212
Calculate the greatest common factor of 47 and 503267587.
47
Calculate the greatest common factor of 784 and 2087148.
28
Calculate the highest common factor of 880 and 11736704.
16
What is the greatest common divisor of 533941 and 11539?
1049
Calculate the highest common divisor of 107046 and 30942.
18
Calculate the highest common factor of 35411621 and 7.
7
Calculate the highest common divisor of 27937273 and 27937.
91
What is the greatest common factor of 2058207 and 323?
17
What is the highest common factor of 565448 and 832?
104
What is the greatest common factor of 3176 and 93394647?
397
What is the greatest common factor of 9724 and 39429?
13
What is the greatest common divisor of 131712 and 1741056?
384
What is the greatest common factor of 19569571 and 784?
49
Calculate the greatest common divisor of 65243200 and 9773.
337
Calculate the greatest common divisor of 2334221 and 5213.
401
Calculate the greatest common divisor of 3150 and 1238400.
450
What is the greatest common factor of 2966746 and 6086?
358
What is the highest common divisor of 8500 and 3189404?
68
Calculate the highest common factor of 545491380 and 112.
28
What is the highest common divisor of 152251060 and 156?
52
Calculate the highest common divisor of 21760 and 3250315.
85
What is the greatest common divisor of 9 and 643339197?
9
What is the highest common divisor of 1202 and 288243206?
1202
Calculate the greatest common factor of 19 and 33734329.
19
What is the greatest common factor of 31031 and 329758?
143
What is the highest common divisor of 7234 and 3284084086?
7234
What is the greatest common divisor of 168 and 34689624?
24
Calculate the greatest common divisor of 5764 and 1463532.
524
What is the highest common divisor of 808864 and 116494?
2198
Calculate the highest common factor of 233091 and 4365873.
2619
What is the highest common factor of 515778975 and 30?
15
Calculate the greatest common divisor of 14921125 and 1027.
79
What is the highest common divisor of 4836 and 31099731?
39
What is the highest common factor of 11429325 and 15721?
79
Calculate the greatest common divisor of 134911357 and 43981.
721
Calculate the highest common divisor of 67130 and 282220.
1370
Calculate the highest common divisor of 2064 and 21199344.
2064
Calculate the highest common divisor of 14 and 16761766.
14
Calculate the highest common factor of 3176738 and 17818.
302
Calculate the highest common divisor of 5614170 and 60.
30
What is the greatest common divisor of 1640 and 31489230?
410
Calculate the highest common factor of 421039935 and 170.
85
What is the greatest common factor of 1144914 and 4152?
1038
What is the highest common divisor of 10624 and 7024?
16
What is the highest common divisor of 15050 and 60675?
25
Calculate the highest common divisor of 72 and 42059544.
24
What is the highest common divisor of 422955 and 10790?
65
What is the greatest common divisor of 3407110 and 5250?
70
What is the highest common factor of 399 and 1799931?
21
Calculate the highest common divisor of 14144 and 74507056.
3536
What is the highest common divisor of 2097 and 133860131?
233
What is the greatest common factor of 321284576 and 64?
32
What is the highest common factor of 585359328 and 12?
12
Calculate the highest common divisor of 119601 and 57327.
291
What is the greatest common factor of 10505 and 54923?
11
What is the greatest common factor of 4347 and 4933017?
207
What is the highest common divisor of 83095595 and 1928?
241
Calculate the greatest common divisor of 43194013 and 21575.
863
What is the greatest common factor of 76 and 32642988?
76
What is the greatest common divisor of 54 and 10530882?
18
What is the greatest common divisor of 612248 and 16198?
182
Calculate the greatest common divisor of 30 and 1137702.
6
Calculate the greatest common factor of 1670 and 70877806.
334
What is the highest common divisor of 88 and 1751048596?
44
What is the highest common divisor of 1993 and 847967689?
1993
What is the greatest common divisor of 564 and 11276193?
141
Calculate the greatest common factor of 23536675 and 25.
25
What is the greatest common divisor of 1116 and 12727236?
372
Calculate the greatest common factor of 25765390 and 1680.
70
What is the greatest common factor of 541850 and 10?
10
What is the greatest common factor of 2535 and 698385?
15
What is the highest common divisor of 206 and 65794031?
103
What is the highest common divisor of 47429 and 626123?
43
Calculate the highest common divisor of 36549 and 7643457.
1179
Calculate the greatest common divisor of 2419 and 6210458.
59
What is the highest common divisor of 1004291 and 629?
37
What is the highest common factor of 11388 and 37927734?
5694
What is the highest common divisor of 20490 and 5071958?
1366
What is the greatest common divisor of 136094180 and 510?
170
What is the greatest common divisor of 624 and 877098?
6
Calculate the greatest common factor of 47360 and 197888.